Last updated on 2024-07-01 03:48:58 CEST.
Flavor | Version | Tinstall | Tcheck | Ttotal | Status | Flags |
---|---|---|---|---|---|---|
r-devel-linux-x86_64-debian-clang | 0.1.26 | 111.24 | 134.57 | 245.81 | OK | |
r-devel-linux-x86_64-debian-gcc | 0.1.26 | 73.76 | 98.87 | 172.63 | OK | |
r-devel-linux-x86_64-fedora-clang | 0.1.26 | 321.55 | OK | |||
r-devel-linux-x86_64-fedora-gcc | 0.1.26 | 332.76 | OK | |||
r-devel-windows-x86_64 | 0.1.26 | 81.00 | 139.00 | 220.00 | OK | |
r-patched-linux-x86_64 | 0.1.26 | 64.28 | 126.83 | 191.11 | OK | |
r-release-linux-x86_64 | 0.1.26 | 64.09 | 129.35 | 193.44 | OK | |
r-release-macos-arm64 | 0.1.26 | 82.00 | NOTE | |||
r-release-macos-x86_64 | 0.1.26 | 101.00 | NOTE | |||
r-release-windows-x86_64 | 0.1.26 | 86.00 | 141.00 | 227.00 | OK | |
r-oldrel-macos-arm64 | 0.1.26 | 88.00 | NOTE | |||
r-oldrel-macos-x86_64 | 0.1.26 | 142.00 | NOTE | |||
r-oldrel-windows-x86_64 | 0.1.26 | 101.00 | 171.00 | 272.00 | OK |
Version: 0.1.26
Check: installed package size
Result: NOTE
installed size is 5.5Mb
sub-directories of 1Mb or more:
data 1.1Mb
libs 4.2Mb
Flavors: r-release-macos-arm64, r-release-macos-x86_64, r-oldrel-macos-arm64, r-oldrel-macos-x86_64