Last updated on 2024-07-01 03:48:58 CEST.
Flavor | Version | Tinstall | Tcheck | Ttotal | Status | Flags |
---|---|---|---|---|---|---|
r-devel-linux-x86_64-debian-clang | 0.37.3 | 8.09 | 89.69 | 97.78 | OK | |
r-devel-linux-x86_64-debian-gcc | 0.37.3 | 8.46 | 65.72 | 74.18 | OK | |
r-devel-linux-x86_64-fedora-clang | 0.37.3 | 121.72 | OK | |||
r-devel-linux-x86_64-fedora-gcc | 0.37.3 | 120.42 | OK | |||
r-devel-windows-x86_64 | 0.37.3 | 9.00 | 88.00 | 97.00 | OK | |
r-patched-linux-x86_64 | 0.37.3 | 11.65 | 84.85 | 96.50 | OK | |
r-release-linux-x86_64 | 0.37.3 | 9.36 | 84.13 | 93.49 | OK | |
r-release-macos-arm64 | 0.37.3 | 37.00 | OK | |||
r-release-macos-x86_64 | 0.37.3 | 60.00 | OK | |||
r-release-windows-x86_64 | 0.37.3 | 11.00 | 89.00 | 100.00 | OK | |
r-oldrel-macos-arm64 | 0.37.3 | 40.00 | OK | |||
r-oldrel-macos-x86_64 | 0.37.3 | 65.00 | NOTE | |||
r-oldrel-windows-x86_64 | 0.37.3 | 12.00 | 104.00 | 116.00 | OK |
Version: 0.37.3
Check: package dependencies
Result: NOTE
Package which this enhances but not available for checking: ‘caret’
Flavor: r-oldrel-macos-x86_64