Last updated on 2024-07-01 03:48:58 CEST.
Flavor | Version | Tinstall | Tcheck | Ttotal | Status | Flags |
---|---|---|---|---|---|---|
r-devel-linux-x86_64-debian-clang | 0.0.2.1 | 327.47 | 263.38 | 590.85 | NOTE | |
r-devel-linux-x86_64-debian-gcc | 0.0.2.1 | 269.23 | 220.10 | 489.33 | NOTE | |
r-devel-linux-x86_64-fedora-clang | 0.0.2.1 | 709.58 | NOTE | |||
r-devel-linux-x86_64-fedora-gcc | 0.0.2.1 | 926.99 | NOTE | |||
r-devel-windows-x86_64 | 0.0.2.1 | 247.00 | 263.00 | 510.00 | NOTE | |
r-patched-linux-x86_64 | 0.0.2.1 | 237.98 | 280.84 | 518.82 | NOTE | |
r-release-linux-x86_64 | 0.0.2.1 | 279.18 | 298.42 | 577.60 | NOTE | |
r-release-macos-arm64 | 0.0.2.1 | 198.00 | NOTE | |||
r-release-macos-x86_64 | 0.0.2.1 | 425.00 | NOTE | |||
r-release-windows-x86_64 | 0.0.2.1 | 254.00 | 261.00 | 515.00 | NOTE | |
r-oldrel-macos-arm64 | 0.0.2.1 | 203.00 | NOTE | |||
r-oldrel-macos-x86_64 | 0.0.2.1 | 353.00 | NOTE | |||
r-oldrel-windows-x86_64 | 0.0.2.1 | 327.00 | 314.00 | 641.00 | NOTE |
Version: 0.0.2.1
Check: for GNU extensions in Makefiles
Result: NOTE
GNU make is a SystemRequirements.
Flavors: r-devel-linux-x86_64-debian-clang, r-devel-linux-x86_64-debian-gcc, r-devel-linux-x86_64-fedora-clang, r-devel-linux-x86_64-fedora-gcc, r-devel-windows-x86_64, r-patched-linux-x86_64, r-release-linux-x86_64, r-release-macos-arm64, r-release-macos-x86_64, r-release-windows-x86_64, r-oldrel-macos-arm64, r-oldrel-macos-x86_64, r-oldrel-windows-x86_64
Version: 0.0.2.1
Check: dependencies in R code
Result: NOTE
Namespace in Imports field not imported from: ‘rstantools’
All declared Imports should be used.
Flavors: r-devel-linux-x86_64-fedora-clang, r-devel-linux-x86_64-fedora-gcc
Version: 0.0.2.1
Check: installed package size
Result: NOTE
installed size is 54.6Mb
sub-directories of 1Mb or more:
libs 54.2Mb
Flavors: r-release-macos-arm64, r-release-macos-x86_64, r-oldrel-macos-arm64, r-oldrel-macos-x86_64