Last updated on 2024-07-01 03:48:58 CEST.
Flavor | Version | Tinstall | Tcheck | Ttotal | Status | Flags |
---|---|---|---|---|---|---|
r-devel-linux-x86_64-debian-clang | 0.1.0 | 9.10 | 108.46 | 117.56 | OK | |
r-devel-linux-x86_64-debian-gcc | 0.1.0 | 10.69 | 81.54 | 92.23 | OK | |
r-devel-linux-x86_64-fedora-clang | 0.1.0 | 148.80 | NOTE | |||
r-devel-linux-x86_64-fedora-gcc | 0.1.0 | 147.09 | NOTE | |||
r-devel-windows-x86_64 | 0.1.0 | 12.00 | 92.00 | 104.00 | OK | |
r-patched-linux-x86_64 | 0.1.0 | 7.91 | 101.09 | 109.00 | OK | |
r-release-linux-x86_64 | 0.1.0 | 7.16 | 102.89 | 110.05 | OK | |
r-release-macos-arm64 | 0.1.0 | 45.00 | OK | |||
r-release-macos-x86_64 | 0.1.0 | 193.00 | OK | |||
r-release-windows-x86_64 | 0.1.0 | 14.00 | 92.00 | 106.00 | OK | |
r-oldrel-macos-arm64 | 0.1.0 | 48.00 | OK | |||
r-oldrel-macos-x86_64 | 0.1.0 | 77.00 | OK | |||
r-oldrel-windows-x86_64 | 0.1.0 | 15.00 | 115.00 | 130.00 | OK |
Version: 0.1.0
Check: dependencies in R code
Result: NOTE
Namespaces in Imports field not imported from:
‘ggfortify’ ‘ggplot2’ ‘matrixStats’ ‘reshape2’ ‘scales’
All declared Imports should be used.
Flavors: r-devel-linux-x86_64-fedora-clang, r-devel-linux-x86_64-fedora-gcc