Last updated on 2024-07-01 03:48:58 CEST.
Flavor | Version | Tinstall | Tcheck | Ttotal | Status | Flags |
---|---|---|---|---|---|---|
r-devel-linux-x86_64-debian-clang | 1.3.3 | 842.36 | 481.11 | 1323.47 | NOTE | |
r-devel-linux-x86_64-debian-gcc | 1.3.3 | 682.81 | 421.18 | 1103.99 | NOTE | |
r-devel-linux-x86_64-fedora-clang | 1.3.3 | 1561.86 | NOTE | |||
r-devel-linux-x86_64-fedora-gcc | 1.3.3 | 1998.11 | NOTE | |||
r-devel-windows-x86_64 | 1.3.3 | 569.00 | 414.00 | 983.00 | NOTE | |
r-patched-linux-x86_64 | 1.3.3 | 530.04 | 460.75 | 990.79 | NOTE | |
r-release-linux-x86_64 | 1.3.3 | 0.02 | 2.57 | 2.59 | ERROR | |
r-release-macos-arm64 | 1.3.3 | 391.00 | NOTE | |||
r-release-macos-x86_64 | 1.3.3 | 825.00 | NOTE | |||
r-release-windows-x86_64 | 1.3.3 | 577.00 | 411.00 | 988.00 | NOTE | |
r-oldrel-macos-arm64 | 1.3.3 | 402.00 | NOTE | |||
r-oldrel-macos-x86_64 | 1.3.3 | 694.00 | NOTE | |||
r-oldrel-windows-x86_64 | 1.3.3 | 783.00 | 523.00 | 1306.00 | NOTE |
Version: 1.3.3
Check: for GNU extensions in Makefiles
Result: NOTE
GNU make is a SystemRequirements.
Flavors: r-devel-linux-x86_64-debian-clang, r-devel-linux-x86_64-debian-gcc, r-devel-linux-x86_64-fedora-clang, r-devel-linux-x86_64-fedora-gcc, r-devel-windows-x86_64, r-patched-linux-x86_64, r-release-macos-arm64, r-release-macos-x86_64, r-release-windows-x86_64, r-oldrel-macos-arm64, r-oldrel-macos-x86_64, r-oldrel-windows-x86_64
Version: 1.3.3
Check: installed package size
Result: NOTE
installed size is 9.8Mb
sub-directories of 1Mb or more:
doc 1.0Mb
libs 8.2Mb
Flavors: r-devel-linux-x86_64-fedora-clang, r-devel-windows-x86_64, r-release-macos-arm64, r-release-macos-x86_64, r-release-windows-x86_64, r-oldrel-macos-arm64, r-oldrel-macos-x86_64, r-oldrel-windows-x86_64
Version: 1.3.3
Check: dependencies in R code
Result: NOTE
Namespace in Imports field not imported from: ‘rstantools’
All declared Imports should be used.
Flavors: r-devel-linux-x86_64-fedora-clang, r-devel-linux-x86_64-fedora-gcc
Version: 1.3.3
Check: whether package can be installed
Result: ERROR
Installation failed.
Flavor: r-release-linux-x86_64