Last updated on 2024-07-01 03:48:58 CEST.
Flavor | Version | Tinstall | Tcheck | Ttotal | Status | Flags |
---|---|---|---|---|---|---|
r-devel-linux-x86_64-debian-clang | 0.1.3 | 136.94 | 115.47 | 252.41 | OK | |
r-devel-linux-x86_64-debian-gcc | 0.1.3 | 98.60 | 84.66 | 183.26 | OK | |
r-devel-linux-x86_64-fedora-clang | 0.1.3 | 365.66 | OK | |||
r-devel-linux-x86_64-fedora-gcc | 0.1.3 | 366.33 | OK | |||
r-devel-windows-x86_64 | 0.1.3 | 116.00 | 110.00 | 226.00 | OK | |
r-patched-linux-x86_64 | 0.1.3 | 117.30 | 107.29 | 224.59 | OK | |
r-release-linux-x86_64 | 0.1.3 | 114.18 | 112.01 | 226.19 | OK | |
r-release-macos-arm64 | 0.1.3 | 76.00 | NOTE | |||
r-release-macos-x86_64 | 0.1.3 | 90.00 | NOTE | |||
r-release-windows-x86_64 | 0.1.3 | 115.00 | 109.00 | 224.00 | OK | |
r-oldrel-macos-arm64 | 0.1.3 | 86.00 | NOTE | |||
r-oldrel-macos-x86_64 | 0.1.3 | 120.00 | NOTE | |||
r-oldrel-windows-x86_64 | 0.1.3 | 142.00 | 138.00 | 280.00 | OK |
Version: 0.1.3
Check: installed package size
Result: NOTE
installed size is 7.1Mb
sub-directories of 1Mb or more:
help 2.2Mb
libs 4.6Mb
Flavors: r-release-macos-arm64, r-release-macos-x86_64, r-oldrel-macos-arm64, r-oldrel-macos-x86_64