Last updated on 2024-07-01 03:48:58 CEST.
Flavor | Version | Tinstall | Tcheck | Ttotal | Status | Flags |
---|---|---|---|---|---|---|
r-devel-linux-x86_64-debian-clang | 7.4-2 | 20.05 | 137.51 | 157.56 | OK | |
r-devel-linux-x86_64-debian-gcc | 7.4-2 | 16.61 | 97.60 | 114.21 | OK | |
r-devel-linux-x86_64-fedora-clang | 7.4-2 | 195.37 | NOTE | |||
r-devel-linux-x86_64-fedora-gcc | 7.4-2 | 187.77 | OK | |||
r-devel-windows-x86_64 | 7.4-2 | 23.00 | 110.00 | 133.00 | OK | |
r-patched-linux-x86_64 | 7.4-2 | 21.36 | 127.76 | 149.12 | OK | |
r-release-linux-x86_64 | 7.4-2 | 20.35 | 129.60 | 149.95 | OK | |
r-release-macos-arm64 | 7.4-2 | 50.00 | NOTE | |||
r-release-macos-x86_64 | 7.4-2 | 83.00 | NOTE | |||
r-release-windows-x86_64 | 7.4-2 | 23.00 | 113.00 | 136.00 | OK | |
r-oldrel-macos-arm64 | 7.4-2 | 54.00 | NOTE | |||
r-oldrel-macos-x86_64 | 7.4-2 | 117.00 | NOTE | |||
r-oldrel-windows-x86_64 | 7.4-2 | 29.00 | 141.00 | 170.00 | OK |
Version: 7.4-2
Check: installed package size
Result: NOTE
installed size is 5.8Mb
sub-directories of 1Mb or more:
ex-data 4.7Mb
Flavors: r-devel-linux-x86_64-fedora-clang, r-release-macos-arm64, r-release-macos-x86_64, r-oldrel-macos-arm64, r-oldrel-macos-x86_64