Last updated on 2024-07-01 03:48:58 CEST.
Flavor | Version | Tinstall | Tcheck | Ttotal | Status | Flags |
---|---|---|---|---|---|---|
r-devel-linux-x86_64-debian-clang | 2.2.1 | 253.15 | 265.62 | 518.77 | OK | |
r-devel-linux-x86_64-debian-gcc | 2.2.1 | 160.62 | 171.29 | 331.91 | OK | |
r-devel-linux-x86_64-fedora-clang | 2.2.1 | 832.11 | OK | |||
r-devel-linux-x86_64-fedora-gcc | 2.2.1 | 691.18 | OK | |||
r-devel-windows-x86_64 | 2.2.1 | 199.00 | 221.00 | 420.00 | OK | |
r-patched-linux-x86_64 | 2.2.1 | 191.34 | 215.27 | 406.61 | OK | |
r-release-linux-x86_64 | 2.2.1 | 191.62 | 213.21 | 404.83 | OK | |
r-release-macos-arm64 | 2.2.1 | 139.00 | NOTE | |||
r-release-macos-x86_64 | 2.2.1 | 207.00 | NOTE | |||
r-release-windows-x86_64 | 2.2.1 | 197.00 | 219.00 | 416.00 | OK | |
r-oldrel-macos-arm64 | 2.2.1 | 139.00 | NOTE | |||
r-oldrel-macos-x86_64 | 2.2.1 | 208.00 | NOTE | |||
r-oldrel-windows-x86_64 | 2.2.1 | 239.00 | 243.00 | 482.00 | OK |
Version: 2.2.1
Check: installed package size
Result: NOTE
installed size is 7.2Mb
sub-directories of 1Mb or more:
libs 6.8Mb
Flavors: r-release-macos-arm64, r-release-macos-x86_64, r-oldrel-macos-arm64, r-oldrel-macos-x86_64