Last updated on 2024-07-01 03:48:57 CEST.
Flavor | Version | Tinstall | Tcheck | Ttotal | Status | Flags |
---|---|---|---|---|---|---|
r-devel-linux-x86_64-debian-clang | 1.0 | 13.69 | 119.99 | 133.68 | NOTE | |
r-devel-linux-x86_64-debian-gcc | 1.0 | 10.48 | 91.20 | 101.68 | NOTE | |
r-devel-linux-x86_64-fedora-clang | 1.0 | 172.04 | NOTE | |||
r-devel-linux-x86_64-fedora-gcc | 1.0 | 174.92 | NOTE | |||
r-devel-windows-x86_64 | 1.0 | 13.00 | 101.00 | 114.00 | NOTE | |
r-patched-linux-x86_64 | 1.0 | 8.84 | 113.30 | 122.14 | NOTE | |
r-release-linux-x86_64 | 1.0 | 8.77 | 115.61 | 124.38 | NOTE | |
r-release-macos-arm64 | 1.0 | 56.00 | NOTE | |||
r-release-macos-x86_64 | 1.0 | 88.00 | NOTE | |||
r-release-windows-x86_64 | 1.0 | 13.00 | 100.00 | 113.00 | NOTE | |
r-oldrel-macos-arm64 | 1.0 | 61.00 | NOTE | |||
r-oldrel-macos-x86_64 | 1.0 | 93.00 | NOTE | |||
r-oldrel-windows-x86_64 | 1.0 | 18.00 | 122.00 | 140.00 | NOTE |
Version: 1.0
Check: LazyData
Result: NOTE
'LazyData' is specified without a 'data' directory
Flavors: r-devel-linux-x86_64-debian-clang, r-devel-linux-x86_64-debian-gcc, r-devel-linux-x86_64-fedora-clang, r-devel-linux-x86_64-fedora-gcc, r-devel-windows-x86_64, r-patched-linux-x86_64, r-release-linux-x86_64, r-release-macos-arm64, r-release-macos-x86_64, r-release-windows-x86_64, r-oldrel-macos-arm64, r-oldrel-macos-x86_64, r-oldrel-windows-x86_64
Version: 1.0
Check: dependencies in R code
Result: NOTE
Namespace in Imports field not imported from: ‘splines’
All declared Imports should be used.
Flavors: r-devel-linux-x86_64-fedora-clang, r-devel-linux-x86_64-fedora-gcc