Last updated on 2024-07-01 03:48:57 CEST.
Flavor | Version | Tinstall | Tcheck | Ttotal | Status | Flags |
---|---|---|---|---|---|---|
r-devel-linux-x86_64-debian-clang | 1.0-1 | 126.04 | 89.90 | 215.94 | OK | |
r-devel-linux-x86_64-debian-gcc | 1.0-1 | 89.83 | 119.11 | 208.94 | OK | |
r-devel-linux-x86_64-fedora-clang | 1.0-1 | 370.82 | OK | |||
r-devel-linux-x86_64-fedora-gcc | 1.0-1 | 361.12 | OK | |||
r-devel-windows-x86_64 | 1.0-1 | 97.00 | 109.00 | 206.00 | OK | |
r-patched-linux-x86_64 | 1.0-1 | 107.83 | 151.19 | 259.02 | OK | |
r-release-linux-x86_64 | 1.0-1 | 102.27 | 147.86 | 250.13 | OK | |
r-release-macos-arm64 | 1.0-1 | 100.00 | NOTE | |||
r-release-macos-x86_64 | 1.0-1 | 111.00 | NOTE | |||
r-release-windows-x86_64 | 1.0-1 | 99.00 | 108.00 | 207.00 | OK | |
r-oldrel-macos-arm64 | 1.0-1 | 106.00 | NOTE | |||
r-oldrel-macos-x86_64 | 1.0-1 | 169.00 | NOTE | |||
r-oldrel-windows-x86_64 | 1.0-1 | 118.00 | 123.00 | 241.00 | OK |
Version: 1.0-1
Check: installed package size
Result: NOTE
installed size is 5.2Mb
sub-directories of 1Mb or more:
libs 4.9Mb
Flavors: r-release-macos-arm64, r-release-macos-x86_64, r-oldrel-macos-arm64, r-oldrel-macos-x86_64