Last updated on 2024-07-01 03:48:57 CEST.
Flavor | Version | Tinstall | Tcheck | Ttotal | Status | Flags |
---|---|---|---|---|---|---|
r-devel-linux-x86_64-debian-clang | 0.1.2 | 63.57 | 470.12 | 533.69 | NOTE | |
r-devel-linux-x86_64-debian-gcc | 0.1.2 | 40.30 | 344.72 | 385.02 | NOTE | |
r-devel-linux-x86_64-fedora-clang | 0.1.2 | 718.35 | NOTE | |||
r-devel-linux-x86_64-fedora-gcc | 0.1.2 | 685.43 | NOTE | |||
r-devel-windows-x86_64 | 0.1.2 | 59.00 | 431.00 | 490.00 | NOTE | |
r-patched-linux-x86_64 | 0.1.2 | 34.18 | 449.05 | 483.23 | NOTE | |
r-release-linux-x86_64 | 0.1.2 | 36.68 | 446.96 | 483.64 | NOTE | |
r-release-macos-arm64 | 0.1.2 | 196.00 | NOTE | |||
r-release-macos-x86_64 | 0.1.2 | 290.00 | NOTE | |||
r-release-windows-x86_64 | 0.1.2 | 60.00 | 435.00 | 495.00 | NOTE | |
r-oldrel-macos-arm64 | 0.1.2 | 190.00 | NOTE | |||
r-oldrel-macos-x86_64 | 0.1.2 | 263.00 | NOTE | |||
r-oldrel-windows-x86_64 | 0.1.2 | 75.00 | 537.00 | 612.00 | NOTE |
Version: 0.1.2
Check: package dependencies
Result: NOTE
Package suggested but not available for checking: ‘lixoftConnectors’
Flavors: r-devel-linux-x86_64-debian-clang, r-devel-linux-x86_64-debian-gcc, r-devel-linux-x86_64-fedora-clang, r-devel-linux-x86_64-fedora-gcc, r-devel-windows-x86_64, r-patched-linux-x86_64, r-release-linux-x86_64, r-release-macos-arm64, r-release-macos-x86_64, r-release-windows-x86_64, r-oldrel-macos-arm64, r-oldrel-macos-x86_64, r-oldrel-windows-x86_64