Last updated on 2024-07-01 03:48:58 CEST.
Flavor | Version | Tinstall | Tcheck | Ttotal | Status | Flags |
---|---|---|---|---|---|---|
r-devel-linux-x86_64-debian-clang | 2.0.0 | 38.07 | 351.55 | 389.62 | OK | |
r-devel-linux-x86_64-debian-gcc | 2.0.0 | 31.17 | 247.23 | 278.40 | OK | |
r-devel-linux-x86_64-fedora-clang | 2.0.0 | 474.96 | NOTE | |||
r-devel-linux-x86_64-fedora-gcc | 2.0.0 | 453.34 | NOTE | |||
r-devel-windows-x86_64 | 2.0.0 | 30.00 | 211.00 | 241.00 | OK | |
r-patched-linux-x86_64 | 2.0.0 | 37.56 | 333.69 | 371.25 | OK | |
r-release-linux-x86_64 | 2.0.0 | 27.97 | 324.98 | 352.95 | OK | |
r-release-macos-arm64 | 2.0.0 | 124.00 | OK | |||
r-release-macos-x86_64 | 2.0.0 | 210.00 | OK | |||
r-release-windows-x86_64 | 2.0.0 | 29.00 | 214.00 | 243.00 | OK | |
r-oldrel-macos-arm64 | 2.0.0 | 147.00 | OK | |||
r-oldrel-macos-x86_64 | 2.0.0 | 308.00 | OK | |||
r-oldrel-windows-x86_64 | 2.0.0 | 41.00 | 279.00 | 320.00 | OK |
Version: 2.0.0
Check: data for non-ASCII characters
Result: NOTE
Note: found 2487 marked UTF-8 strings
Flavors: r-devel-linux-x86_64-fedora-clang, r-devel-linux-x86_64-fedora-gcc