Last updated on 2024-07-02 15:50:34 CEST.
Flavor | Version | Tinstall | Tcheck | Ttotal | Status | Flags |
---|---|---|---|---|---|---|
r-devel-linux-x86_64-debian-clang | 0.9.0 | 6.22 | 73.37 | 79.59 | OK | |
r-devel-linux-x86_64-debian-gcc | 0.9.0 | 4.53 | 56.07 | 60.60 | OK | |
r-devel-linux-x86_64-fedora-clang | 0.9.0 | 102.40 | OK | |||
r-devel-linux-x86_64-fedora-gcc | 0.9.0 | 99.80 | OK | |||
r-devel-windows-x86_64 | 0.9.0 | 20.00 | 188.00 | 208.00 | NOTE | |
r-patched-linux-x86_64 | 0.9.0 | 6.04 | 71.07 | 77.11 | OK | |
r-release-linux-x86_64 | 0.9.0 | 5.67 | 70.94 | 76.61 | OK | |
r-release-macos-arm64 | 0.9.0 | 39.00 | NOTE | |||
r-release-macos-x86_64 | 0.9.0 | 50.00 | NOTE | |||
r-release-windows-x86_64 | 0.9.0 | 19.00 | 183.00 | 202.00 | NOTE | |
r-oldrel-macos-arm64 | 0.9.0 | 58.00 | NOTE | |||
r-oldrel-macos-x86_64 | 0.9.0 | 107.00 | NOTE | |||
r-oldrel-windows-x86_64 | 0.9.0 | 22.00 | 254.00 | 276.00 | NOTE |
Version: 0.9.0
Check: installed package size
Result: NOTE
installed size is 30.3Mb
sub-directories of 1Mb or more:
libs 29.5Mb
Flavors: r-devel-windows-x86_64, r-release-macos-arm64, r-release-macos-x86_64, r-release-windows-x86_64, r-oldrel-macos-arm64, r-oldrel-macos-x86_64, r-oldrel-windows-x86_64