Last updated on 2024-07-01 03:48:57 CEST.
Flavor | Version | Tinstall | Tcheck | Ttotal | Status | Flags |
---|---|---|---|---|---|---|
r-devel-linux-x86_64-debian-clang | 0.4.1 | 4.24 | 104.42 | 108.66 | OK | |
r-devel-linux-x86_64-debian-gcc | 0.4.1 | 4.26 | 110.24 | 114.50 | OK | |
r-devel-linux-x86_64-fedora-clang | 0.4.1 | 145.14 | NOTE | |||
r-devel-linux-x86_64-fedora-gcc | 0.4.1 | 148.20 | NOTE | |||
r-devel-windows-x86_64 | 0.4.1 | 8.00 | 100.00 | 108.00 | OK | |
r-patched-linux-x86_64 | 0.4.1 | 3.64 | 120.85 | 124.49 | OK | |
r-release-linux-x86_64 | 0.4.1 | 3.28 | 118.92 | 122.20 | OK | |
r-release-macos-arm64 | 0.4.1 | 57.00 | OK | |||
r-release-macos-x86_64 | 0.4.1 | 96.00 | OK | |||
r-release-windows-x86_64 | 0.4.1 | 7.00 | 101.00 | 108.00 | OK | |
r-oldrel-macos-arm64 | 0.4.1 | 55.00 | OK | |||
r-oldrel-macos-x86_64 | 0.4.1 | 113.00 | OK | |||
r-oldrel-windows-x86_64 | 0.4.1 | 8.00 | 117.00 | 125.00 | OK |
Version: 0.4.1
Check: package dependencies
Result: NOTE
Imports includes 34 non-default packages.
Importing from so many packages makes the package vulnerable to any of
them becoming unavailable. Move as many as possible to Suggests and
use conditionally.
Flavor: r-devel-linux-x86_64-fedora-clang
Version: 0.4.1
Check: dependencies in R code
Result: NOTE
Namespaces in Imports field not imported from:
‘Ckmeans.1d.dp’ ‘broom.mixed’ ‘igraph’
All declared Imports should be used.
Flavors: r-devel-linux-x86_64-fedora-clang, r-devel-linux-x86_64-fedora-gcc