Last updated on 2024-07-01 03:48:57 CEST.
Flavor | Version | Tinstall | Tcheck | Ttotal | Status | Flags |
---|---|---|---|---|---|---|
r-devel-linux-x86_64-debian-clang | 0.1.4 | 6.99 | 58.75 | 65.74 | OK | |
r-devel-linux-x86_64-debian-gcc | 0.1.4 | 4.88 | 44.95 | 49.83 | OK | |
r-devel-linux-x86_64-fedora-clang | 0.1.4 | 78.73 | NOTE | |||
r-devel-linux-x86_64-fedora-gcc | 0.1.4 | 77.23 | NOTE | |||
r-devel-windows-x86_64 | 0.1.4 | 6.00 | 64.00 | 70.00 | OK | |
r-patched-linux-x86_64 | 0.1.4 | 4.85 | 55.52 | 60.37 | OK | |
r-release-linux-x86_64 | 0.1.4 | 3.50 | 55.11 | 58.61 | OK | |
r-release-macos-arm64 | 0.1.4 | 27.00 | OK | |||
r-release-macos-x86_64 | 0.1.4 | 41.00 | OK | |||
r-release-windows-x86_64 | 0.1.4 | 7.00 | 65.00 | 72.00 | OK | |
r-oldrel-macos-arm64 | 0.1.4 | 27.00 | OK | |||
r-oldrel-macos-x86_64 | 0.1.4 | 42.00 | OK | |||
r-oldrel-windows-x86_64 | 0.1.4 | 8.00 | 75.00 | 83.00 | OK |
Version: 0.1.4
Check: dependencies in R code
Result: NOTE
Namespaces in Imports field not imported from:
‘MASS’ ‘broom’ ‘diptest’ ‘ggplot2’ ‘hexbin’ ‘moments’
All declared Imports should be used.
Flavors: r-devel-linux-x86_64-fedora-clang, r-devel-linux-x86_64-fedora-gcc