Last updated on 2024-07-01 03:48:57 CEST.
Flavor | Version | Tinstall | Tcheck | Ttotal | Status | Flags |
---|---|---|---|---|---|---|
r-devel-linux-x86_64-debian-clang | 1.3.5 | 57.93 | 115.33 | 173.26 | NOTE | |
r-devel-linux-x86_64-debian-gcc | 1.3.5 | 41.64 | 86.09 | 127.73 | NOTE | |
r-devel-linux-x86_64-fedora-clang | 1.3.5 | 229.62 | NOTE | |||
r-devel-linux-x86_64-fedora-gcc | 1.3.5 | 236.77 | NOTE | |||
r-devel-windows-x86_64 | 1.3.5 | 46.00 | 115.00 | 161.00 | NOTE | |
r-patched-linux-x86_64 | 1.3.5 | 50.68 | 109.95 | 160.63 | NOTE | |
r-release-linux-x86_64 | 1.3.5 | 49.72 | 107.09 | 156.81 | NOTE | |
r-release-macos-arm64 | 1.3.5 | 57.00 | NOTE | |||
r-release-macos-x86_64 | 1.3.5 | 73.00 | NOTE | |||
r-release-windows-x86_64 | 1.3.5 | 46.00 | 117.00 | 163.00 | NOTE | |
r-oldrel-macos-arm64 | 1.3.5 | 63.00 | NOTE | |||
r-oldrel-macos-x86_64 | 1.3.5 | 112.00 | NOTE | |||
r-oldrel-windows-x86_64 | 1.3.5 | 56.00 | 138.00 | 194.00 | NOTE |
Version: 1.3.5
Check: C++ specification
Result: NOTE
Specified C++11: please drop specification unless essential
Flavors: r-devel-linux-x86_64-debian-clang, r-devel-linux-x86_64-debian-gcc, r-devel-linux-x86_64-fedora-clang, r-devel-linux-x86_64-fedora-gcc, r-devel-windows-x86_64, r-patched-linux-x86_64, r-release-linux-x86_64, r-release-macos-arm64, r-release-macos-x86_64, r-release-windows-x86_64, r-oldrel-macos-arm64, r-oldrel-macos-x86_64, r-oldrel-windows-x86_64