Last updated on 2024-07-01 03:48:57 CEST.
Flavor | Version | Tinstall | Tcheck | Ttotal | Status | Flags |
---|---|---|---|---|---|---|
r-devel-linux-x86_64-debian-clang | 0.1.5 | 3.44 | 28.90 | 32.34 | OK | |
r-devel-linux-x86_64-debian-gcc | 0.1.5 | 2.79 | 21.43 | 24.22 | OK | |
r-devel-linux-x86_64-fedora-clang | 0.1.5 | 38.43 | NOTE | |||
r-devel-linux-x86_64-fedora-gcc | 0.1.5 | 35.79 | NOTE | |||
r-devel-windows-x86_64 | 0.1.5 | 7.00 | 45.00 | 52.00 | OK | |
r-patched-linux-x86_64 | 0.1.5 | 3.55 | 27.14 | 30.69 | OK | |
r-release-linux-x86_64 | 0.1.5 | 2.97 | 27.03 | 30.00 | OK | |
r-release-macos-arm64 | 0.1.5 | 19.00 | OK | |||
r-release-macos-x86_64 | 0.1.5 | 28.00 | OK | |||
r-release-windows-x86_64 | 0.1.5 | 6.00 | 44.00 | 50.00 | OK | |
r-oldrel-macos-arm64 | 0.1.5 | 18.00 | OK | |||
r-oldrel-macos-x86_64 | 0.1.5 | 42.00 | OK | |||
r-oldrel-windows-x86_64 | 0.1.5 | 7.00 | 49.00 | 56.00 | OK |
Version: 0.1.5
Check: data for non-ASCII characters
Result: NOTE
Note: found 237 marked UTF-8 strings
Flavors: r-devel-linux-x86_64-fedora-clang, r-devel-linux-x86_64-fedora-gcc