Last updated on 2024-07-01 03:48:57 CEST.
Flavor | Version | Tinstall | Tcheck | Ttotal | Status | Flags |
---|---|---|---|---|---|---|
r-devel-linux-x86_64-debian-clang | 0.2.2 | 55.70 | 165.26 | 220.96 | NOTE | |
r-devel-linux-x86_64-debian-gcc | 0.2.2 | 35.85 | 122.46 | 158.31 | NOTE | |
r-devel-linux-x86_64-fedora-clang | 0.2.2 | 306.12 | NOTE | |||
r-devel-linux-x86_64-fedora-gcc | 0.2.2 | 307.34 | NOTE | |||
r-devel-windows-x86_64 | 0.2.2 | 47.00 | 208.00 | 255.00 | NOTE | |
r-patched-linux-x86_64 | 0.2.2 | 43.43 | 169.11 | 212.54 | NOTE | |
r-release-linux-x86_64 | 0.2.2 | 40.37 | 172.77 | 213.14 | NOTE | |
r-release-macos-arm64 | 0.2.2 | 80.00 | NOTE | |||
r-release-macos-x86_64 | 0.2.2 | 124.00 | NOTE | |||
r-release-windows-x86_64 | 0.2.2 | 45.00 | 215.00 | 260.00 | NOTE | |
r-oldrel-macos-arm64 | 0.2.2 | 94.00 | NOTE | |||
r-oldrel-macos-x86_64 | 0.2.2 | 155.00 | NOTE | |||
r-oldrel-windows-x86_64 | 0.2.2 | 55.00 | 235.00 | 290.00 | NOTE |
Version: 0.2.2
Check: LazyData
Result: NOTE
'LazyData' is specified without a 'data' directory
Flavors: r-devel-linux-x86_64-debian-clang, r-devel-linux-x86_64-debian-gcc, r-devel-linux-x86_64-fedora-clang, r-devel-linux-x86_64-fedora-gcc, r-devel-windows-x86_64, r-patched-linux-x86_64, r-release-linux-x86_64, r-release-macos-arm64, r-release-macos-x86_64, r-release-windows-x86_64, r-oldrel-macos-arm64, r-oldrel-macos-x86_64, r-oldrel-windows-x86_64
Version: 0.2.2
Check: compiled code
Result: NOTE
File ‘alphabetr/libs/alphabetr.so’:
Found no calls to: ‘R_registerRoutines’, ‘R_useDynamicSymbols’
It is good practice to register native routines and to disable symbol
search.
See ‘Writing portable packages’ in the ‘Writing R Extensions’ manual.
Flavors: r-devel-linux-x86_64-fedora-clang, r-devel-linux-x86_64-fedora-gcc