Last updated on 2024-07-01 03:48:57 CEST.
Flavor | Version | Tinstall | Tcheck | Ttotal | Status | Flags |
---|---|---|---|---|---|---|
r-devel-linux-x86_64-debian-clang | 4.3.2.3 | 114.26 | 126.95 | 241.21 | OK | |
r-devel-linux-x86_64-debian-gcc | 4.3.2.3 | 55.56 | 97.49 | 153.05 | OK | |
r-devel-linux-x86_64-fedora-clang | 4.3.2.3 | 266.59 | OK | |||
r-devel-linux-x86_64-fedora-gcc | 4.3.2.3 | 271.05 | OK | |||
r-devel-windows-x86_64 | 4.3.2.3 | 55.00 | 134.00 | 189.00 | OK | |
r-patched-linux-x86_64 | 4.3.2.3 | 45.48 | 124.19 | 169.67 | OK | |
r-release-linux-x86_64 | 4.3.2.3 | 47.20 | 121.28 | 168.48 | OK | |
r-release-macos-arm64 | 4.3.2.3 | 74.00 | NOTE | |||
r-release-macos-x86_64 | 4.3.2.3 | 111.00 | NOTE | |||
r-release-windows-x86_64 | 4.3.2.3 | 53.00 | 133.00 | 186.00 | OK | |
r-oldrel-macos-arm64 | 4.3.2.3 | 88.00 | NOTE | |||
r-oldrel-macos-x86_64 | 4.3.2.3 | 180.00 | NOTE | |||
r-oldrel-windows-x86_64 | 4.3.2.3 | 71.00 | 159.00 | 230.00 | OK |
Version: 4.3.2.3
Check: installed package size
Result: NOTE
installed size is 6.9Mb
sub-directories of 1Mb or more:
libs 6.8Mb
Flavors: r-release-macos-arm64, r-release-macos-x86_64, r-oldrel-macos-arm64, r-oldrel-macos-x86_64