Last updated on 2024-07-01 03:48:57 CEST.
Flavor | Version | Tinstall | Tcheck | Ttotal | Status | Flags |
---|---|---|---|---|---|---|
r-devel-linux-x86_64-debian-clang | 0.1.6 | 8.17 | 66.81 | 74.98 | NOTE | |
r-devel-linux-x86_64-debian-gcc | 0.1.6 | 5.91 | 49.43 | 55.34 | NOTE | |
r-devel-linux-x86_64-fedora-clang | 0.1.6 | 95.28 | NOTE | |||
r-devel-linux-x86_64-fedora-gcc | 0.1.6 | 102.92 | NOTE | |||
r-devel-windows-x86_64 | 0.1.6 | 10.00 | 67.00 | 77.00 | NOTE | |
r-patched-linux-x86_64 | 0.1.6 | 8.63 | 61.08 | 69.71 | NOTE | |
r-release-linux-x86_64 | 0.1.6 | 8.76 | 63.74 | 72.50 | NOTE | |
r-release-macos-arm64 | 0.1.6 | 34.00 | NOTE | |||
r-release-macos-x86_64 | 0.1.6 | 53.00 | NOTE | |||
r-release-windows-x86_64 | 0.1.6 | 8.00 | 65.00 | 73.00 | NOTE | |
r-oldrel-macos-arm64 | 0.1.6 | 38.00 | NOTE | |||
r-oldrel-macos-x86_64 | 0.1.6 | 53.00 | NOTE | |||
r-oldrel-windows-x86_64 | 0.1.6 | 11.00 | 76.00 | 87.00 | NOTE |
Version: 0.1.6
Check: LazyData
Result: NOTE
'LazyData' is specified without a 'data' directory
Flavors: r-devel-linux-x86_64-debian-clang, r-devel-linux-x86_64-debian-gcc, r-devel-linux-x86_64-fedora-clang, r-devel-linux-x86_64-fedora-gcc, r-devel-windows-x86_64, r-patched-linux-x86_64, r-release-linux-x86_64, r-release-macos-arm64, r-release-macos-x86_64, r-release-windows-x86_64, r-oldrel-macos-arm64, r-oldrel-macos-x86_64, r-oldrel-windows-x86_64