Last updated on 2024-07-01 03:48:57 CEST.
Flavor | Version | Tinstall | Tcheck | Ttotal | Status | Flags |
---|---|---|---|---|---|---|
r-devel-linux-x86_64-debian-clang | 0.2.3 | 4.59 | 128.34 | 132.93 | NOTE | |
r-devel-linux-x86_64-debian-gcc | 0.2.3 | 3.57 | 90.39 | 93.96 | NOTE | |
r-devel-linux-x86_64-fedora-clang | 0.2.3 | 160.33 | NOTE | |||
r-devel-linux-x86_64-fedora-gcc | 0.2.3 | 151.06 | NOTE | |||
r-devel-windows-x86_64 | 0.2.3 | 6.00 | 113.00 | 119.00 | NOTE | |
r-patched-linux-x86_64 | 0.2.3 | 3.56 | 119.31 | 122.87 | NOTE | |
r-release-linux-x86_64 | 0.2.3 | 2.83 | 120.67 | 123.50 | NOTE | |
r-release-macos-arm64 | 0.2.3 | 55.00 | NOTE | |||
r-release-macos-x86_64 | 0.2.3 | 86.00 | NOTE | |||
r-release-windows-x86_64 | 0.2.3 | 6.00 | 114.00 | 120.00 | NOTE | |
r-oldrel-macos-arm64 | 0.2.3 | 54.00 | NOTE | |||
r-oldrel-macos-x86_64 | 0.2.3 | 88.00 | NOTE | |||
r-oldrel-windows-x86_64 | 0.2.3 | 6.00 | 133.00 | 139.00 | NOTE |
Version: 0.2.3
Check: LazyData
Result: NOTE
'LazyData' is specified without a 'data' directory
Flavors: r-devel-linux-x86_64-debian-clang, r-devel-linux-x86_64-debian-gcc, r-devel-linux-x86_64-fedora-clang, r-devel-linux-x86_64-fedora-gcc, r-devel-windows-x86_64, r-patched-linux-x86_64, r-release-linux-x86_64, r-release-macos-arm64, r-release-macos-x86_64, r-release-windows-x86_64, r-oldrel-macos-arm64, r-oldrel-macos-x86_64, r-oldrel-windows-x86_64