Last updated on 2024-07-01 03:48:57 CEST.
Flavor | Version | Tinstall | Tcheck | Ttotal | Status | Flags |
---|---|---|---|---|---|---|
r-devel-linux-x86_64-debian-clang | 2.1.4 | 9.29 | 64.57 | 73.86 | OK | |
r-devel-linux-x86_64-debian-gcc | 2.1.4 | 8.51 | 48.18 | 56.69 | OK | |
r-devel-linux-x86_64-fedora-clang | 2.1.4 | 100.84 | NOTE | |||
r-devel-linux-x86_64-fedora-gcc | 2.1.4 | 95.00 | NOTE | |||
r-devel-windows-x86_64 | 2.1.4 | 12.00 | 70.00 | 82.00 | OK | |
r-patched-linux-x86_64 | 2.1.4 | 8.87 | 61.46 | 70.33 | OK | |
r-release-linux-x86_64 | 2.1.4 | 7.84 | 61.59 | 69.43 | OK | |
r-release-macos-arm64 | 2.1.4 | 29.00 | OK | |||
r-release-macos-x86_64 | 2.1.4 | 56.00 | OK | |||
r-release-windows-x86_64 | 2.1.4 | 13.00 | 70.00 | 83.00 | OK | |
r-oldrel-macos-arm64 | 2.1.4 | 33.00 | OK | |||
r-oldrel-macos-x86_64 | 2.1.4 | 50.00 | OK | |||
r-oldrel-windows-x86_64 | 2.1.4 | 15.00 | 81.00 | 96.00 | OK |
Version: 2.1.4
Check: top-level files
Result: NOTE
‘configure’: /bin/bash is not portable
Flavors: r-devel-linux-x86_64-fedora-clang, r-devel-linux-x86_64-fedora-gcc