Last updated on 2024-07-01 03:48:57 CEST.
Flavor | Version | Tinstall | Tcheck | Ttotal | Status | Flags |
---|---|---|---|---|---|---|
r-devel-linux-x86_64-debian-clang | 0.2 | 5.38 | 54.18 | 59.56 | OK | |
r-devel-linux-x86_64-debian-gcc | 0.2 | 4.64 | 41.09 | 45.73 | OK | |
r-devel-linux-x86_64-fedora-clang | 0.2 | 75.05 | NOTE | |||
r-devel-linux-x86_64-fedora-gcc | 0.2 | 72.12 | OK | |||
r-devel-windows-x86_64 | 0.2 | 7.00 | 65.00 | 72.00 | OK | |
r-patched-linux-x86_64 | 0.2 | 6.17 | 50.57 | 56.74 | OK | |
r-release-linux-x86_64 | 0.2 | 5.67 | 51.19 | 56.86 | OK | |
r-release-macos-arm64 | 0.2 | 25.00 | OK | |||
r-release-macos-x86_64 | 0.2 | 44.00 | OK | |||
r-release-windows-x86_64 | 0.2 | 7.00 | 64.00 | 71.00 | OK | |
r-oldrel-macos-arm64 | 0.2 | 27.00 | OK | |||
r-oldrel-macos-x86_64 | 0.2 | 39.00 | OK | |||
r-oldrel-windows-x86_64 | 0.2 | 8.00 | 70.00 | 78.00 | OK |
Version: 0.2
Check: Rd cross-references
Result: NOTE
Undeclared package ‘CCA’ in Rd xrefs
Flavor: r-devel-linux-x86_64-fedora-clang