Last updated on 2024-07-01 03:49:37 CEST.
Flavor | Version | Tinstall | Tcheck | Ttotal | Status | Flags |
---|---|---|---|---|---|---|
r-devel-linux-x86_64-debian-clang | 1.0.1 | 18.95 | 213.20 | 232.15 | OK | |
r-devel-linux-x86_64-debian-gcc | 1.0.1 | 13.32 | 159.45 | 172.77 | OK | |
r-devel-linux-x86_64-fedora-clang | 1.0.1 | 295.54 | NOTE | |||
r-devel-linux-x86_64-fedora-gcc | 1.0.1 | 310.60 | NOTE | |||
r-devel-windows-x86_64 | 1.0.1 | 15.00 | 187.00 | 202.00 | OK | |
r-patched-linux-x86_64 | 1.0.1 | 16.15 | 211.04 | 227.19 | OK | |
r-release-linux-x86_64 | 1.0.1 | 9.89 | 223.31 | 233.20 | OK | |
r-release-macos-arm64 | 1.0.1 | 100.00 | OK | |||
r-release-macos-x86_64 | 1.0.1 | 175.00 | OK | |||
r-release-windows-x86_64 | 1.0.1 | 14.00 | 187.00 | 201.00 | OK | |
r-oldrel-macos-arm64 | 1.0.1 | 101.00 | OK | |||
r-oldrel-macos-x86_64 | 1.0.1 | 176.00 | OK | |||
r-oldrel-windows-x86_64 | 1.0.1 | 19.00 | 215.00 | 234.00 | OK |
Version: 1.0.1
Check: dependencies in R code
Result: NOTE
Namespace in Imports field not imported from: ‘dplyr’
All declared Imports should be used.
Flavors: r-devel-linux-x86_64-fedora-clang, r-devel-linux-x86_64-fedora-gcc