Last updated on 2024-07-01 03:49:36 CEST.
Flavor | Version | Tinstall | Tcheck | Ttotal | Status | Flags |
---|---|---|---|---|---|---|
r-devel-linux-x86_64-debian-clang | 0.2.2 | 5.88 | 48.94 | 54.82 | OK | |
r-devel-linux-x86_64-debian-gcc | 0.2.2 | 5.23 | 36.61 | 41.84 | OK | |
r-devel-linux-x86_64-fedora-clang | 0.2.2 | 69.82 | NOTE | |||
r-devel-linux-x86_64-fedora-gcc | 0.2.2 | 65.52 | NOTE | |||
r-devel-windows-x86_64 | 0.2.2 | 8.00 | 55.00 | 63.00 | OK | |
r-patched-linux-x86_64 | 0.2.2 | 6.72 | 47.04 | 53.76 | OK | |
r-release-linux-x86_64 | 0.2.2 | 4.06 | 46.66 | 50.72 | OK | |
r-release-macos-arm64 | 0.2.2 | 26.00 | OK | |||
r-release-macos-x86_64 | 0.2.2 | 34.00 | OK | |||
r-release-windows-x86_64 | 0.2.2 | 8.00 | 56.00 | 64.00 | OK | |
r-oldrel-macos-arm64 | 0.2.2 | 32.00 | OK | |||
r-oldrel-macos-x86_64 | 0.2.2 | 50.00 | OK | |||
r-oldrel-windows-x86_64 | 0.2.2 | 9.00 | 67.00 | 76.00 | OK |
Version: 0.2.2
Check: data for non-ASCII characters
Result: NOTE
Note: found 9378 marked UTF-8 strings
Flavors: r-devel-linux-x86_64-fedora-clang, r-devel-linux-x86_64-fedora-gcc