Last updated on 2024-07-01 03:49:33 CEST.
Flavor | Version | Tinstall | Tcheck | Ttotal | Status | Flags |
---|---|---|---|---|---|---|
r-devel-linux-x86_64-debian-clang | 1.0.0 | 12.74 | 98.68 | 111.42 | OK | |
r-devel-linux-x86_64-debian-gcc | 1.0.0 | 10.75 | 73.18 | 83.93 | OK | |
r-devel-linux-x86_64-fedora-clang | 1.0.0 | 137.48 | OK | |||
r-devel-linux-x86_64-fedora-gcc | 1.0.0 | 137.48 | OK | |||
r-devel-windows-x86_64 | 1.0.0 | 12.00 | 92.00 | 104.00 | OK | |
r-patched-linux-x86_64 | 1.0.0 | 14.19 | 94.75 | 108.94 | OK | |
r-release-linux-x86_64 | 1.0.0 | 11.77 | 93.59 | 105.36 | OK | |
r-release-macos-arm64 | 1.0.0 | 48.00 | NOTE | |||
r-release-macos-x86_64 | 1.0.0 | 102.00 | NOTE | |||
r-release-windows-x86_64 | 1.0.0 | 12.00 | 93.00 | 105.00 | OK | |
r-oldrel-macos-arm64 | 1.0.0 | 55.00 | OK | |||
r-oldrel-macos-x86_64 | 1.0.0 | 85.00 | NOTE | |||
r-oldrel-windows-x86_64 | 1.0.0 | 16.00 | 107.00 | 123.00 | OK |
Version: 1.0.0
Check: installed package size
Result: NOTE
installed size is 5.8Mb
sub-directories of 1Mb or more:
data 3.8Mb
Flavors: r-release-macos-arm64, r-release-macos-x86_64, r-oldrel-macos-x86_64