Last updated on 2024-07-02 15:50:54 CEST.
Flavor | Version | Tinstall | Tcheck | Ttotal | Status | Flags |
---|---|---|---|---|---|---|
r-devel-linux-x86_64-debian-clang | 1.0.0 | 12.67 | 91.86 | 104.53 | OK | |
r-devel-linux-x86_64-debian-gcc | 1.0.0 | 6.67 | 67.49 | 74.16 | OK | |
r-devel-linux-x86_64-fedora-clang | 1.0.0 | 130.04 | OK | |||
r-devel-linux-x86_64-fedora-gcc | 1.0.0 | 124.97 | OK | |||
r-devel-windows-x86_64 | 1.0.0 | 11.00 | 79.00 | 90.00 | OK | |
r-patched-linux-x86_64 | 1.0.0 | 14.66 | 85.92 | 100.58 | OK | |
r-release-linux-x86_64 | 1.0.0 | 6.20 | 88.45 | 94.65 | OK | |
r-release-macos-arm64 | 1.0.0 | 37.00 | OK | |||
r-release-macos-x86_64 | 1.0.0 | 53.00 | OK | |||
r-release-windows-x86_64 | 1.0.0 | 11.00 | 78.00 | 89.00 | OK | |
r-oldrel-macos-arm64 | 1.0.0 | 38.00 | OK | |||
r-oldrel-macos-x86_64 | 1.0.0 | 59.00 | NOTE | |||
r-oldrel-windows-x86_64 | 1.0.0 | 14.00 | 96.00 | 110.00 | OK |
Version: 1.0.0
Check: package dependencies
Result: NOTE
Package suggested but not available for checking: ‘adespatial’
Flavor: r-oldrel-macos-x86_64