Last updated on 2024-07-01 03:49:24 CEST.
Flavor | Version | Tinstall | Tcheck | Ttotal | Status | Flags |
---|---|---|---|---|---|---|
r-devel-linux-x86_64-debian-clang | 1.6.1 | 164.88 | 449.22 | 614.10 | NOTE | |
r-devel-linux-x86_64-debian-gcc | 1.6.1 | 121.18 | 308.31 | 429.49 | NOTE | |
r-devel-linux-x86_64-fedora-clang | 1.6.1 | 849.05 | NOTE | |||
r-devel-linux-x86_64-fedora-gcc | 1.6.1 | 833.10 | NOTE | |||
r-devel-windows-x86_64 | 1.6.1 | 135.00 | 517.00 | 652.00 | NOTE | |
r-patched-linux-x86_64 | 1.6.1 | 138.39 | 422.62 | 561.01 | NOTE | |
r-release-linux-x86_64 | 1.6.1 | 140.64 | 419.22 | 559.86 | NOTE | |
r-release-macos-arm64 | 1.6.1 | 171.00 | NOTE | |||
r-release-macos-x86_64 | 1.6.1 | 259.00 | NOTE | |||
r-release-windows-x86_64 | 1.6.1 | 135.00 | 356.00 | 491.00 | NOTE | |
r-oldrel-macos-arm64 | 1.6.1 | 176.00 | NOTE | |||
r-oldrel-macos-x86_64 | 1.6.1 | 447.00 | NOTE | |||
r-oldrel-windows-x86_64 | 1.6.1 | 168.00 | 459.00 | 627.00 | NOTE |
Version: 1.6.1
Check: package dependencies
Result: NOTE
Package suggested but not available for checking: ‘gurobi’
Flavors: r-devel-linux-x86_64-debian-clang, r-devel-linux-x86_64-debian-gcc, r-devel-linux-x86_64-fedora-clang, r-devel-linux-x86_64-fedora-gcc, r-devel-windows-x86_64, r-patched-linux-x86_64, r-release-linux-x86_64, r-release-macos-arm64, r-release-macos-x86_64, r-release-windows-x86_64, r-oldrel-macos-arm64, r-oldrel-macos-x86_64, r-oldrel-windows-x86_64
Version: 1.6.1
Check: installed package size
Result: NOTE
installed size is 8.8Mb
sub-directories of 1Mb or more:
libs 6.4Mb
Flavors: r-release-macos-arm64, r-release-macos-x86_64, r-oldrel-macos-arm64, r-oldrel-macos-x86_64