Last updated on 2024-07-01 03:49:24 CEST.
Flavor | Version | Tinstall | Tcheck | Ttotal | Status | Flags |
---|---|---|---|---|---|---|
r-devel-linux-x86_64-debian-clang | 1.0.1 | 48.87 | 281.62 | 330.49 | OK | |
r-devel-linux-x86_64-debian-gcc | 1.0.1 | 40.01 | 204.96 | 244.97 | OK | |
r-devel-linux-x86_64-fedora-clang | 1.0.1 | 430.30 | OK | |||
r-devel-linux-x86_64-fedora-gcc | 1.0.1 | 409.38 | OK | |||
r-devel-windows-x86_64 | 1.0.1 | 35.00 | 335.00 | 370.00 | OK | |
r-patched-linux-x86_64 | 1.0.1 | 38.76 | 265.07 | 303.83 | OK | |
r-release-linux-x86_64 | 1.0.1 | 0.38 | 2.07 | 2.45 | ERROR | |
r-release-macos-arm64 | 1.0.1 | 76.00 | OK | |||
r-release-macos-x86_64 | 1.0.1 | 137.00 | OK | |||
r-release-windows-x86_64 | 1.0.1 | 35.00 | 207.00 | 242.00 | OK | |
r-oldrel-macos-arm64 | 1.0.1 | 92.00 | OK | |||
r-oldrel-macos-x86_64 | 1.0.1 | 162.00 | OK | |||
r-oldrel-windows-x86_64 | 1.0.1 | 44.00 | 249.00 | 293.00 | OK |
Version: 1.0.1
Check: package dependencies
Result: ERROR
Package required but not available: ‘tidySEM’
See section ‘The DESCRIPTION file’ in the ‘Writing R Extensions’
manual.
Flavor: r-release-linux-x86_64