Last updated on 2024-07-01 03:49:30 CEST.
Flavor | Version | Tinstall | Tcheck | Ttotal | Status | Flags |
---|---|---|---|---|---|---|
r-devel-linux-x86_64-debian-clang | 1.0.2 | 15.42 | 104.03 | 119.45 | OK | |
r-devel-linux-x86_64-debian-gcc | 1.0.2 | 11.57 | 71.69 | 83.26 | OK | |
r-devel-linux-x86_64-fedora-clang | 1.0.2 | 147.61 | NOTE | |||
r-devel-linux-x86_64-fedora-gcc | 1.0.2 | 133.47 | OK | |||
r-devel-windows-x86_64 | 1.0.2 | 18.00 | 90.00 | 108.00 | OK | |
r-patched-linux-x86_64 | 1.0.2 | 16.83 | 90.95 | 107.78 | OK | |
r-release-linux-x86_64 | 1.0.2 | 14.21 | 94.67 | 108.88 | OK | |
r-release-macos-arm64 | 1.0.2 | 42.00 | OK | |||
r-release-macos-x86_64 | 1.0.2 | 59.00 | OK | |||
r-release-windows-x86_64 | 1.0.2 | 17.00 | 90.00 | 107.00 | OK | |
r-oldrel-macos-arm64 | 1.0.2 | 43.00 | OK | |||
r-oldrel-macos-x86_64 | 1.0.2 | 72.00 | OK | |||
r-oldrel-windows-x86_64 | 1.0.2 | 21.00 | 267.00 | 288.00 | OK |
Version: 1.0.2
Check: installed package size
Result: NOTE
installed size is 8.0Mb
sub-directories of 1Mb or more:
libs 7.5Mb
Flavor: r-devel-linux-x86_64-fedora-clang