Last updated on 2024-07-01 03:49:30 CEST.
Flavor | Version | Tinstall | Tcheck | Ttotal | Status | Flags |
---|---|---|---|---|---|---|
r-devel-linux-x86_64-debian-clang | 0.3.1 | 11.03 | 86.18 | 97.21 | OK | |
r-devel-linux-x86_64-debian-gcc | 0.3.1 | 7.96 | 64.32 | 72.28 | OK | |
r-devel-linux-x86_64-fedora-clang | 0.3.1 | 125.99 | NOTE | |||
r-devel-linux-x86_64-fedora-gcc | 0.3.1 | 116.38 | OK | |||
r-devel-windows-x86_64 | 0.3.1 | 12.00 | 228.00 | 240.00 | OK | |
r-patched-linux-x86_64 | 0.3.1 | 12.93 | 82.79 | 95.72 | OK | |
r-release-linux-x86_64 | 0.3.1 | 7.80 | 81.88 | 89.68 | OK | |
r-release-macos-arm64 | 0.3.1 | 46.00 | OK | |||
r-release-macos-x86_64 | 0.3.1 | 62.00 | OK | |||
r-release-windows-x86_64 | 0.3.1 | 10.00 | 82.00 | 92.00 | OK | |
r-oldrel-macos-arm64 | 0.3.1 | 38.00 | OK | |||
r-oldrel-macos-x86_64 | 0.3.1 | 58.00 | OK | |||
r-oldrel-windows-x86_64 | 0.3.1 | 13.00 | 287.00 | 300.00 | OK |
Version: 0.3.1
Check: Rd cross-references
Result: NOTE
Undeclared package ‘gimms’ in Rd xrefs
Flavor: r-devel-linux-x86_64-fedora-clang