Last updated on 2024-07-01 03:49:27 CEST.
Flavor | Version | Tinstall | Tcheck | Ttotal | Status | Flags |
---|---|---|---|---|---|---|
r-devel-linux-x86_64-debian-clang | 1.9.12 | 93.75 | 92.02 | 185.77 | OK | |
r-devel-linux-x86_64-debian-gcc | 1.9.13 | 78.80 | 69.79 | 148.59 | OK | |
r-devel-linux-x86_64-fedora-clang | 1.9.13 | 241.95 | NOTE | |||
r-devel-linux-x86_64-fedora-gcc | 1.9.13 | 264.51 | OK | |||
r-devel-windows-x86_64 | 1.9.12 | 94.00 | 96.00 | 190.00 | NOTE | |
r-patched-linux-x86_64 | 1.9.12 | 93.69 | 88.85 | 182.54 | OK | |
r-release-linux-x86_64 | 1.9.13 | 95.26 | 92.08 | 187.34 | OK | |
r-release-macos-arm64 | 1.9.13 | 70.00 | NOTE | |||
r-release-macos-x86_64 | 1.9.13 | 211.00 | NOTE | |||
r-release-windows-x86_64 | 1.9.13 | 96.00 | 97.00 | 193.00 | NOTE | |
r-oldrel-macos-arm64 | 1.9.13 | 90.00 | NOTE | |||
r-oldrel-macos-x86_64 | 1.9.13 | 256.00 | NOTE | |||
r-oldrel-windows-x86_64 | 1.9.13 | 94.00 | 119.00 | 213.00 | NOTE |
Version: 1.9.13
Check: installed package size
Result: NOTE
installed size is 5.3Mb
sub-directories of 1Mb or more:
examples 1.2Mb
include 3.7Mb
Flavors: r-devel-linux-x86_64-fedora-clang, r-release-macos-arm64, r-release-macos-x86_64, r-release-windows-x86_64, r-oldrel-macos-arm64, r-oldrel-macos-x86_64, r-oldrel-windows-x86_64
Version: 1.9.12
Check: installed package size
Result: NOTE
installed size is 16.9Mb
sub-directories of 1Mb or more:
examples 12.6Mb
include 3.6Mb
Flavor: r-devel-windows-x86_64