Last updated on 2024-07-01 03:49:22 CEST.
Flavor | Version | Tinstall | Tcheck | Ttotal | Status | Flags |
---|---|---|---|---|---|---|
r-devel-linux-x86_64-debian-clang | 1.1.2 | 8.68 | 69.48 | 78.16 | OK | |
r-devel-linux-x86_64-debian-gcc | 1.1.2 | 5.57 | 52.19 | 57.76 | OK | |
r-devel-linux-x86_64-fedora-clang | 1.1.2 | 99.90 | NOTE | |||
r-devel-linux-x86_64-fedora-gcc | 1.1.2 | 96.25 | NOTE | |||
r-devel-windows-x86_64 | 1.1.2 | 8.00 | 79.00 | 87.00 | OK | |
r-patched-linux-x86_64 | 1.1.2 | 7.07 | 67.86 | 74.93 | OK | |
r-release-linux-x86_64 | 1.1.2 | 7.62 | 68.36 | 75.98 | OK | |
r-release-macos-arm64 | 1.1.2 | 31.00 | OK | |||
r-release-macos-x86_64 | 1.1.2 | 51.00 | OK | |||
r-release-windows-x86_64 | 1.1.2 | 9.00 | 78.00 | 87.00 | OK | |
r-oldrel-macos-arm64 | 1.1.2 | 44.00 | OK | |||
r-oldrel-macos-x86_64 | 1.1.2 | 64.00 | OK | |||
r-oldrel-windows-x86_64 | 1.1.2 | 12.00 | 90.00 | 102.00 | OK |
Version: 1.1.2
Check: compiled code
Result: NOTE
File ‘SynchWave/libs/SynchWave.so’:
Found no calls to: ‘R_registerRoutines’, ‘R_useDynamicSymbols’
It is good practice to register native routines and to disable symbol
search.
See ‘Writing portable packages’ in the ‘Writing R Extensions’ manual.
Flavor: r-devel-linux-x86_64-fedora-clang
Version: 1.1.2
Check: compiled code
Result: NOTE
File ‘SynchWave/libs/SynchWave.so’:
Found no calls to: ‘R_registerRoutines’, ‘R_useDynamicSymbols’
It is good practice to register native routines and to disable symbol
search.
See ‘Writing portable packages’ in the ‘Writing R Extensions’ manual.
See section ‘Moving into C API compliance’ in the ‘Writing R
Extensions’ manual for issues with use of non-API entry points.
Flavor: r-devel-linux-x86_64-fedora-gcc