Last updated on 2024-07-01 03:49:21 CEST.
Flavor | Version | Tinstall | Tcheck | Ttotal | Status | Flags |
---|---|---|---|---|---|---|
r-devel-linux-x86_64-debian-clang | 2.0.3 | 104.56 | 180.19 | 284.75 | OK | |
r-devel-linux-x86_64-debian-gcc | 2.0.3 | 66.70 | 173.31 | 240.01 | OK | |
r-devel-linux-x86_64-fedora-clang | 2.0.3 | 371.45 | OK | |||
r-devel-linux-x86_64-fedora-gcc | 2.0.3 | 447.62 | OK | |||
r-devel-windows-x86_64 | 2.0.3 | 87.00 | 204.00 | 291.00 | OK | |
r-patched-linux-x86_64 | 2.0.3 | 79.76 | 221.70 | 301.46 | OK | |
r-release-linux-x86_64 | 2.0.3 | 77.60 | 222.01 | 299.61 | OK | |
r-release-macos-arm64 | 2.0.3 | 163.00 | NOTE | |||
r-release-macos-x86_64 | 2.0.3 | 200.00 | NOTE | |||
r-release-windows-x86_64 | 2.0.3 | 86.00 | 207.00 | 293.00 | OK | |
r-oldrel-macos-arm64 | 2.0.3 | 186.00 | NOTE | |||
r-oldrel-macos-x86_64 | 2.0.3 | 276.00 | NOTE | |||
r-oldrel-windows-x86_64 | 2.0.3 | 105.00 | 254.00 | 359.00 | OK |
Version: 2.0.3
Check: installed package size
Result: NOTE
installed size is 7.9Mb
sub-directories of 1Mb or more:
libs 7.2Mb
Flavors: r-release-macos-arm64, r-release-macos-x86_64, r-oldrel-macos-arm64, r-oldrel-macos-x86_64