Last updated on 2024-07-01 03:49:21 CEST.
Flavor | Version | Tinstall | Tcheck | Ttotal | Status | Flags |
---|---|---|---|---|---|---|
r-devel-linux-x86_64-debian-clang | 0.1.9 | 52.74 | 534.89 | 587.63 | OK | |
r-devel-linux-x86_64-debian-gcc | 0.1.9 | 46.62 | 390.35 | 436.97 | OK | |
r-devel-linux-x86_64-fedora-clang | 0.1.9 | 759.38 | OK | |||
r-devel-linux-x86_64-fedora-gcc | 0.1.9 | 754.87 | OK | |||
r-devel-windows-x86_64 | 0.1.9 | 54.00 | 374.00 | 428.00 | OK | |
r-patched-linux-x86_64 | 0.1.9 | 38.41 | 495.61 | 534.02 | OK | |
r-release-linux-x86_64 | 0.1.9 | 38.77 | 490.90 | 529.67 | OK | |
r-release-macos-arm64 | 0.1.9 | 223.00 | OK | |||
r-release-macos-x86_64 | 0.1.9 | 322.00 | NOTE | |||
r-release-windows-x86_64 | 0.1.9 | 53.00 | 489.00 | 542.00 | OK | |
r-oldrel-macos-arm64 | 0.1.9 | 10.00 | ERROR | |||
r-oldrel-macos-x86_64 | 0.1.9 | 11.00 | ERROR | |||
r-oldrel-windows-x86_64 | 0.1.9 | 69.00 | 504.00 | 573.00 | OK |
Version: 0.1.9
Check: installed package size
Result: NOTE
installed size is 5.7Mb
sub-directories of 1Mb or more:
data 5.0Mb
Flavor: r-release-macos-x86_64
Version: 0.1.9
Check: package dependencies
Result: ERROR
Package required but not available: ‘GSVA’
See section ‘The DESCRIPTION file’ in the ‘Writing R Extensions’
manual.
Flavors: r-oldrel-macos-arm64, r-oldrel-macos-x86_64