Last updated on 2024-07-01 03:49:19 CEST.
Flavor | Version | Tinstall | Tcheck | Ttotal | Status | Flags |
---|---|---|---|---|---|---|
r-devel-linux-x86_64-debian-clang | 1.0.2 | 45.81 | 43.62 | 89.43 | OK | |
r-devel-linux-x86_64-debian-gcc | 1.0.2 | 28.58 | 31.01 | 59.59 | OK | |
r-devel-linux-x86_64-fedora-clang | 1.0.2 | 121.47 | OK | |||
r-devel-linux-x86_64-fedora-gcc | 1.0.2 | 123.05 | OK | |||
r-devel-windows-x86_64 | 1.0.2 | 45.00 | 71.00 | 116.00 | NOTE | |
r-patched-linux-x86_64 | 1.0.2 | 38.28 | 42.28 | 80.56 | OK | |
r-release-linux-x86_64 | 1.0.2 | 32.49 | 42.74 | 75.23 | OK | |
r-release-macos-arm64 | 1.0.2 | 37.00 | OK | |||
r-release-macos-x86_64 | 1.0.2 | 54.00 | OK | |||
r-release-windows-x86_64 | 1.0.2 | 42.00 | 67.00 | 109.00 | NOTE | |
r-oldrel-macos-arm64 | 1.0.2 | 39.00 | OK | |||
r-oldrel-macos-x86_64 | 1.0.2 | 62.00 | OK | |||
r-oldrel-windows-x86_64 | 1.0.2 | 55.00 | 80.00 | 135.00 | NOTE |
Version: 1.0.2
Check: C++ specification
Result: NOTE
Specified C++11: please drop specification unless essential
Flavors: r-devel-windows-x86_64, r-release-windows-x86_64, r-oldrel-windows-x86_64