Last updated on 2024-07-01 03:49:17 CEST.
Flavor | Version | Tinstall | Tcheck | Ttotal | Status | Flags |
---|---|---|---|---|---|---|
r-devel-linux-x86_64-debian-clang | 2.0.7 | 64.61 | 560.65 | 625.26 | NOTE | |
r-devel-linux-x86_64-debian-gcc | 2.0.7 | 41.62 | 402.94 | 444.56 | NOTE | |
r-devel-linux-x86_64-fedora-clang | 2.0.7 | 768.22 | NOTE | |||
r-devel-linux-x86_64-fedora-gcc | 2.0.7 | 720.71 | NOTE | |||
r-devel-windows-x86_64 | 2.0.7 | 48.00 | 403.00 | 451.00 | NOTE | |
r-patched-linux-x86_64 | 2.0.7 | 57.22 | 524.48 | 581.70 | NOTE | |
r-release-linux-x86_64 | 2.0.7 | 47.29 | 537.31 | 584.60 | NOTE | |
r-release-macos-arm64 | 2.0.7 | 175.00 | NOTE | |||
r-release-macos-x86_64 | 2.0.7 | 283.00 | NOTE | |||
r-release-windows-x86_64 | 2.0.7 | 45.00 | 366.00 | 411.00 | NOTE | |
r-oldrel-macos-arm64 | 2.0.7 | 175.00 | NOTE | |||
r-oldrel-macos-x86_64 | 2.0.7 | 487.00 | NOTE | |||
r-oldrel-windows-x86_64 | 2.0.7 | 60.00 | 515.00 | 575.00 | NOTE |
Version: 2.0.7
Check: package dependencies
Result: NOTE
Package suggested but not available for checking: ‘NLMR’
Flavors: r-devel-linux-x86_64-debian-clang, r-devel-linux-x86_64-debian-gcc, r-devel-linux-x86_64-fedora-clang, r-devel-linux-x86_64-fedora-gcc, r-devel-windows-x86_64, r-patched-linux-x86_64, r-release-linux-x86_64, r-release-macos-arm64, r-release-macos-x86_64, r-release-windows-x86_64, r-oldrel-macos-arm64, r-oldrel-macos-x86_64, r-oldrel-windows-x86_64