Last updated on 2024-07-01 03:49:17 CEST.
Flavor | Version | Tinstall | Tcheck | Ttotal | Status | Flags |
---|---|---|---|---|---|---|
r-devel-linux-x86_64-debian-clang | 1.6.2 | 61.39 | 100.53 | 161.92 | OK | |
r-devel-linux-x86_64-debian-gcc | 1.6.2 | 41.26 | 77.32 | 118.58 | OK | |
r-devel-linux-x86_64-fedora-clang | 1.6.2 | 205.39 | NOTE | |||
r-devel-linux-x86_64-fedora-gcc | 1.6.2 | 218.90 | NOTE | |||
r-devel-windows-x86_64 | 1.6.2 | 43.00 | 103.00 | 146.00 | NOTE | |
r-patched-linux-x86_64 | 1.6.2 | 47.14 | 99.70 | 146.84 | OK | |
r-release-linux-x86_64 | 1.6.2 | 52.74 | 98.53 | 151.27 | OK | |
r-release-macos-arm64 | 1.6.2 | 57.00 | NOTE | |||
r-release-macos-x86_64 | 1.6.2 | 86.00 | NOTE | |||
r-release-windows-x86_64 | 1.6.2 | 43.00 | 107.00 | 150.00 | NOTE | |
r-oldrel-macos-arm64 | 1.6.2 | 66.00 | NOTE | |||
r-oldrel-macos-x86_64 | 1.6.2 | 98.00 | NOTE | |||
r-oldrel-windows-x86_64 | 1.6.2 | 55.00 | 133.00 | 188.00 | NOTE |
Version: 1.6.2
Check: installed package size
Result: NOTE
installed size is 5.1Mb
sub-directories of 1Mb or more:
data 4.7Mb
Flavors: r-devel-linux-x86_64-fedora-clang, r-devel-windows-x86_64, r-release-macos-arm64, r-release-macos-x86_64, r-release-windows-x86_64, r-oldrel-macos-arm64, r-oldrel-macos-x86_64, r-oldrel-windows-x86_64
Version: 1.6.2
Check: dependencies in R code
Result: NOTE
Namespace in Imports field not imported from: ‘RcppEigen’
All declared Imports should be used.
Flavors: r-devel-linux-x86_64-fedora-clang, r-devel-linux-x86_64-fedora-gcc