Last updated on 2024-07-01 03:49:17 CEST.
Flavor | Version | Tinstall | Tcheck | Ttotal | Status | Flags |
---|---|---|---|---|---|---|
r-devel-linux-x86_64-debian-clang | 1.6.2 | 69.67 | 349.82 | 419.49 | OK | |
r-devel-linux-x86_64-debian-gcc | 1.6.2 | 71.16 | 258.73 | 329.89 | OK | |
r-devel-linux-x86_64-fedora-clang | 1.6.2 | 547.13 | NOTE | |||
r-devel-linux-x86_64-fedora-gcc | 1.6.2 | 543.75 | OK | |||
r-devel-windows-x86_64 | 1.6.2 | 67.00 | 252.00 | 319.00 | NOTE | |
r-patched-linux-x86_64 | 1.6.2 | 77.20 | 330.30 | 407.50 | OK | |
r-release-linux-x86_64 | 1.6.2 | 54.84 | 333.91 | 388.75 | OK | |
r-release-macos-arm64 | 1.6.2 | 161.00 | NOTE | |||
r-release-macos-x86_64 | 1.6.2 | 236.00 | NOTE | |||
r-release-windows-x86_64 | 1.6.2 | 68.00 | 250.00 | 318.00 | NOTE | |
r-oldrel-macos-arm64 | 1.6.2 | 161.00 | NOTE | |||
r-oldrel-macos-x86_64 | 1.6.2 | 253.00 | NOTE | |||
r-oldrel-windows-x86_64 | 1.6.2 | 94.00 | 326.00 | 420.00 | NOTE |
Version: 1.6.2
Check: installed package size
Result: NOTE
installed size is 5.8Mb
sub-directories of 1Mb or more:
data 3.9Mb
doc 1.0Mb
Flavors: r-devel-linux-x86_64-fedora-clang, r-devel-windows-x86_64, r-release-macos-arm64, r-release-macos-x86_64, r-release-windows-x86_64, r-oldrel-macos-arm64, r-oldrel-macos-x86_64, r-oldrel-windows-x86_64
Version: 1.6.2
Check: package dependencies
Result: NOTE
Package suggested but not available for checking: ‘DropletUtils’
Flavors: r-release-macos-arm64, r-oldrel-macos-arm64, r-oldrel-macos-x86_64