Last updated on 2024-07-01 03:49:17 CEST.
Flavor | Version | Tinstall | Tcheck | Ttotal | Status | Flags |
---|---|---|---|---|---|---|
r-devel-linux-x86_64-debian-clang | 1.0.1 | 58.27 | 150.69 | 208.96 | OK | |
r-devel-linux-x86_64-debian-gcc | 1.0.1 | 45.25 | 109.45 | 154.70 | OK | |
r-devel-linux-x86_64-fedora-clang | 1.0.1 | 270.00 | OK | |||
r-devel-linux-x86_64-fedora-gcc | 1.0.1 | 295.41 | OK | |||
r-devel-windows-x86_64 | 1.0.1 | 49.00 | 149.00 | 198.00 | OK | |
r-patched-linux-x86_64 | 1.0.1 | 37.61 | 139.30 | 176.91 | OK | |
r-release-linux-x86_64 | 1.0.1 | 41.74 | 140.83 | 182.57 | OK | |
r-release-macos-arm64 | 1.0.1 | 70.00 | NOTE | |||
r-release-macos-x86_64 | 1.0.1 | 110.00 | NOTE | |||
r-release-windows-x86_64 | 1.0.1 | 49.00 | 149.00 | 198.00 | OK | |
r-oldrel-macos-arm64 | 1.0.1 | 86.00 | NOTE | |||
r-oldrel-macos-x86_64 | 1.0.1 | 132.00 | NOTE | |||
r-oldrel-windows-x86_64 | 1.0.1 | 61.00 | 183.00 | 244.00 | OK |
Version: 1.0.1
Check: installed package size
Result: NOTE
installed size is 5.3Mb
sub-directories of 1Mb or more:
libs 4.4Mb
Flavors: r-release-macos-arm64, r-release-macos-x86_64, r-oldrel-macos-arm64, r-oldrel-macos-x86_64