Last updated on 2024-07-01 03:49:17 CEST.
Flavor | Version | Tinstall | Tcheck | Ttotal | Status | Flags |
---|---|---|---|---|---|---|
r-devel-linux-x86_64-debian-clang | 0.1.3 | 60.98 | 275.51 | 336.49 | NOTE | |
r-devel-linux-x86_64-debian-gcc | 0.1.3 | 43.48 | 203.71 | 247.19 | NOTE | |
r-devel-linux-x86_64-fedora-clang | 0.1.3 | 437.08 | NOTE | |||
r-devel-linux-x86_64-fedora-gcc | 0.1.3 | 436.19 | NOTE | |||
r-devel-windows-x86_64 | 0.1.3 | 51.00 | 204.00 | 255.00 | NOTE | |
r-patched-linux-x86_64 | 0.1.3 | 39.63 | 257.42 | 297.05 | NOTE | |
r-release-linux-x86_64 | 0.1.3 | 38.73 | 263.04 | 301.77 | NOTE | |
r-release-macos-arm64 | 0.1.3 | 105.00 | NOTE | |||
r-release-macos-x86_64 | 0.1.3 | 157.00 | NOTE | |||
r-release-windows-x86_64 | 0.1.3 | 52.00 | 209.00 | 261.00 | NOTE | |
r-oldrel-macos-arm64 | 0.1.3 | 118.00 | NOTE | |||
r-oldrel-macos-x86_64 | 0.1.3 | 299.00 | NOTE | |||
r-oldrel-windows-x86_64 | 0.1.3 | 67.00 | 280.00 | 347.00 | NOTE |
Version: 0.1.3
Check: LazyData
Result: NOTE
'LazyData' is specified without a 'data' directory
Flavors: r-devel-linux-x86_64-debian-clang, r-devel-linux-x86_64-debian-gcc, r-devel-linux-x86_64-fedora-clang, r-devel-linux-x86_64-fedora-gcc, r-devel-windows-x86_64, r-patched-linux-x86_64, r-release-linux-x86_64, r-release-macos-arm64, r-release-macos-x86_64, r-release-windows-x86_64, r-oldrel-macos-arm64, r-oldrel-macos-x86_64, r-oldrel-windows-x86_64