Last updated on 2024-07-01 03:49:17 CEST.
Flavor | Version | Tinstall | Tcheck | Ttotal | Status | Flags |
---|---|---|---|---|---|---|
r-devel-linux-x86_64-debian-clang | 0.3.10 | 12.28 | 190.82 | 203.10 | OK | |
r-devel-linux-x86_64-debian-gcc | 0.3.10 | 8.83 | 144.33 | 153.16 | OK | |
r-devel-linux-x86_64-fedora-clang | 0.3.10 | 264.71 | NOTE | |||
r-devel-linux-x86_64-fedora-gcc | 0.3.10 | 254.38 | NOTE | |||
r-devel-windows-x86_64 | 0.3.10 | 11.00 | 138.00 | 149.00 | OK | |
r-patched-linux-x86_64 | 0.3.10 | 9.90 | 182.86 | 192.76 | OK | |
r-release-linux-x86_64 | 0.3.10 | 9.44 | 186.00 | 195.44 | OK | |
r-release-macos-arm64 | 0.3.10 | 61.00 | OK | |||
r-release-macos-x86_64 | 0.3.10 | 113.00 | OK | |||
r-release-windows-x86_64 | 0.3.10 | 11.00 | 137.00 | 148.00 | OK | |
r-oldrel-macos-arm64 | 0.3.10 | 69.00 | OK | |||
r-oldrel-macos-x86_64 | 0.3.10 | 143.00 | OK | |||
r-oldrel-windows-x86_64 | 0.3.10 | 14.00 | 166.00 | 180.00 | OK |
Version: 0.3.10
Check: dependencies in R code
Result: NOTE
Namespace in Imports field not imported from: ‘qpdf’
All declared Imports should be used.
Flavors: r-devel-linux-x86_64-fedora-clang, r-devel-linux-x86_64-fedora-gcc
Version: 0.3.10
Check: Rd cross-references
Result: NOTE
Undeclared packages ‘ggthemes’, ‘DataExplorer’ in Rd xrefs
Flavor: r-devel-linux-x86_64-fedora-clang