Last updated on 2024-07-01 03:49:16 CEST.
Flavor | Version | Tinstall | Tcheck | Ttotal | Status | Flags |
---|---|---|---|---|---|---|
r-devel-linux-x86_64-debian-clang | 0.7.2 | 7.54 | 102.63 | 110.17 | NOTE | |
r-devel-linux-x86_64-debian-gcc | 0.7.2 | 5.65 | 74.32 | 79.97 | NOTE | |
r-devel-linux-x86_64-fedora-clang | 0.7.2 | 140.84 | NOTE | |||
r-devel-linux-x86_64-fedora-gcc | 0.7.2 | 140.74 | NOTE | |||
r-devel-windows-x86_64 | 0.7.2 | 9.00 | 100.00 | 109.00 | NOTE | |
r-patched-linux-x86_64 | 0.7.2 | 8.21 | 94.78 | 102.99 | NOTE | |
r-release-linux-x86_64 | 0.7.2 | 4.25 | 95.29 | 99.54 | NOTE | |
r-release-macos-arm64 | 0.7.2 | 48.00 | NOTE | |||
r-release-macos-x86_64 | 0.7.2 | 73.00 | NOTE | |||
r-release-windows-x86_64 | 0.7.2 | 8.00 | 101.00 | 109.00 | NOTE | |
r-oldrel-macos-arm64 | 0.7.2 | 54.00 | OK | |||
r-oldrel-macos-x86_64 | 0.7.2 | 95.00 | OK | |||
r-oldrel-windows-x86_64 | 0.7.2 | 10.00 | 119.00 | 129.00 | OK |
Version: 0.7.2
Check: Rd files
Result: NOTE
checkRd: (-1) NAP.Rd:109: Lost braces
109 | bounds for P{X<Y}, based on two independent samples. \emph{The Annals of
| ^
Flavors: r-devel-linux-x86_64-debian-clang, r-devel-linux-x86_64-debian-gcc, r-devel-linux-x86_64-fedora-clang, r-devel-linux-x86_64-fedora-gcc, r-devel-windows-x86_64, r-patched-linux-x86_64, r-release-linux-x86_64, r-release-macos-arm64, r-release-macos-x86_64, r-release-windows-x86_64