Last updated on 2024-07-01 03:49:16 CEST.
Flavor | Version | Tinstall | Tcheck | Ttotal | Status | Flags |
---|---|---|---|---|---|---|
r-devel-linux-x86_64-debian-clang | 0.2.2 | 37.61 | 460.29 | 497.90 | OK | |
r-devel-linux-x86_64-debian-gcc | 0.2.2 | 25.78 | 334.74 | 360.52 | OK | |
r-devel-linux-x86_64-fedora-clang | 0.2.2 | 611.79 | NOTE | |||
r-devel-linux-x86_64-fedora-gcc | 0.2.2 | 597.31 | OK | |||
r-devel-windows-x86_64 | 0.2.2 | 27.00 | 327.00 | 354.00 | OK | |
r-patched-linux-x86_64 | 0.2.2 | 35.58 | 443.64 | 479.22 | OK | |
r-release-linux-x86_64 | 0.2.2 | 33.34 | 449.26 | 482.60 | OK | |
r-release-macos-arm64 | 0.2.2 | 166.00 | OK | |||
r-release-macos-x86_64 | 0.2.2 | 259.00 | OK | |||
r-release-windows-x86_64 | 0.2.2 | 28.00 | 324.00 | 352.00 | OK | |
r-oldrel-macos-arm64 | 0.2.2 | 190.00 | OK | |||
r-oldrel-macos-x86_64 | 0.2.2 | 288.00 | OK | |||
r-oldrel-windows-x86_64 | 0.2.2 | 37.00 | 431.00 | 468.00 | OK |
Version: 0.2.2
Check: Rd cross-references
Result: NOTE
Undeclared packages ‘BinNonNor’, ‘PoisNor’, ‘PoisBinOrdNor’, ‘PoisBinOrdNonNor’ in Rd xrefs
Flavor: r-devel-linux-x86_64-fedora-clang