Last updated on 2024-07-01 03:49:15 CEST.
Flavor | Version | Tinstall | Tcheck | Ttotal | Status | Flags |
---|---|---|---|---|---|---|
r-devel-linux-x86_64-debian-clang | 1.2.0 | 15.80 | 89.28 | 105.08 | OK | |
r-devel-linux-x86_64-debian-gcc | 1.2.0 | 11.52 | 66.88 | 78.40 | OK | |
r-devel-linux-x86_64-fedora-clang | 1.2.0 | 129.51 | NOTE | |||
r-devel-linux-x86_64-fedora-gcc | 1.2.0 | 118.45 | OK | |||
r-devel-windows-x86_64 | 1.2.0 | 16.00 | 95.00 | 111.00 | NOTE | |
r-patched-linux-x86_64 | 1.2.0 | 13.72 | 86.92 | 100.64 | OK | |
r-release-linux-x86_64 | 1.2.0 | 8.53 | 84.85 | 93.38 | OK | |
r-release-macos-arm64 | 1.2.0 | 36.00 | NOTE | |||
r-release-macos-x86_64 | 1.2.0 | 96.00 | NOTE | |||
r-release-windows-x86_64 | 1.2.0 | 16.00 | 96.00 | 112.00 | NOTE | |
r-oldrel-macos-arm64 | 1.2.0 | 42.00 | NOTE | |||
r-oldrel-macos-x86_64 | 1.2.0 | 83.00 | NOTE | |||
r-oldrel-windows-x86_64 | 1.2.0 | 20.00 | 112.00 | 132.00 | NOTE |
Version: 1.2.0
Check: installed package size
Result: NOTE
installed size is 19.3Mb
sub-directories of 1Mb or more:
extdata 18.1Mb
Flavors: r-devel-linux-x86_64-fedora-clang, r-devel-windows-x86_64, r-release-macos-arm64, r-release-macos-x86_64, r-release-windows-x86_64, r-oldrel-macos-arm64, r-oldrel-macos-x86_64, r-oldrel-windows-x86_64