Last updated on 2024-07-01 03:49:22 CEST.
Flavor | Version | Tinstall | Tcheck | Ttotal | Status | Flags |
---|---|---|---|---|---|---|
r-devel-linux-x86_64-debian-clang | 0.1.8 | 23.77 | 48.14 | 71.91 | NOTE | |
r-devel-linux-x86_64-debian-gcc | 0.1.8 | 14.93 | 35.02 | 49.95 | NOTE | |
r-devel-linux-x86_64-fedora-clang | 0.1.8 | 94.03 | NOTE | |||
r-devel-linux-x86_64-fedora-gcc | 0.1.8 | 87.89 | NOTE | |||
r-devel-windows-x86_64 | 0.1.8 | 22.00 | 80.00 | 102.00 | NOTE | |
r-patched-linux-x86_64 | 0.1.8 | 18.68 | 44.36 | 63.04 | NOTE | |
r-release-linux-x86_64 | 0.1.8 | 19.19 | 44.59 | 63.78 | NOTE | |
r-release-macos-arm64 | 0.1.8 | 27.00 | NOTE | |||
r-release-macos-x86_64 | 0.1.8 | 37.00 | NOTE | |||
r-release-windows-x86_64 | 0.1.8 | 20.00 | 76.00 | 96.00 | NOTE | |
r-oldrel-macos-arm64 | 0.1.8 | 28.00 | OK | |||
r-oldrel-macos-x86_64 | 0.1.8 | 62.00 | OK | |||
r-oldrel-windows-x86_64 | 0.1.8 | 21.00 | 87.00 | 108.00 | OK |
Version: 0.1.8
Check: Rd files
Result: NOTE
checkRd: (-1) predict.DNFOptim.Rd:28: Lost braces in \itemize; \value handles \item{}{} directly
checkRd: (-1) predict.DNFOptim.Rd:29: Lost braces in \itemize; \value handles \item{}{} directly
checkRd: (-1) predict.DNFOptim.Rd:30: Lost braces in \itemize; \value handles \item{}{} directly
checkRd: (-1) predict.DNFOptim.Rd:34: Lost braces in \itemize; \value handles \item{}{} directly
checkRd: (-1) predict.DNFOptim.Rd:35: Lost braces in \itemize; \value handles \item{}{} directly
checkRd: (-1) predict.DNFOptim.Rd:36: Lost braces in \itemize; \value handles \item{}{} directly
checkRd: (-1) summary.DNFOptim.Rd:29: Lost braces in \itemize; \value handles \item{}{} directly
checkRd: (-1) summary.DNFOptim.Rd:30: Lost braces in \itemize; \value handles \item{}{} directly
checkRd: (-1) summary.DNFOptim.Rd:31: Lost braces in \itemize; \value handles \item{}{} directly
checkRd: (-1) summary.DNFOptim.Rd:32: Lost braces in \itemize; \value handles \item{}{} directly
Flavors: r-devel-linux-x86_64-debian-clang, r-devel-linux-x86_64-debian-gcc, r-devel-linux-x86_64-fedora-clang, r-devel-linux-x86_64-fedora-gcc, r-devel-windows-x86_64, r-patched-linux-x86_64, r-release-linux-x86_64, r-release-macos-arm64, r-release-macos-x86_64, r-release-windows-x86_64