Last updated on 2024-07-01 03:49:19 CEST.
Flavor | Version | Tinstall | Tcheck | Ttotal | Status | Flags |
---|---|---|---|---|---|---|
r-devel-linux-x86_64-debian-clang | 0.0.3 | 36.08 | 220.49 | 256.57 | OK | |
r-devel-linux-x86_64-debian-gcc | 0.0.3 | 29.42 | 161.06 | 190.48 | OK | |
r-devel-linux-x86_64-fedora-clang | 0.0.3 | 316.28 | NOTE | |||
r-devel-linux-x86_64-fedora-gcc | 0.0.3 | 293.89 | OK | |||
r-devel-windows-x86_64 | 0.0.3 | 22.00 | 148.00 | 170.00 | OK | |
r-patched-linux-x86_64 | 0.0.3 | 22.32 | 209.76 | 232.08 | OK | |
r-release-linux-x86_64 | 0.0.3 | 25.03 | 212.59 | 237.62 | OK | |
r-release-macos-arm64 | 0.0.3 | 86.00 | OK | |||
r-release-macos-x86_64 | 0.0.3 | 144.00 | OK | |||
r-release-windows-x86_64 | 0.0.3 | 20.00 | 150.00 | 170.00 | OK | |
r-oldrel-macos-arm64 | 0.0.3 | 87.00 | OK | |||
r-oldrel-macos-x86_64 | 0.0.3 | 172.00 | OK | |||
r-oldrel-windows-x86_64 | 0.0.3 | 27.00 | 189.00 | 216.00 | OK |
Version: 0.0.3
Check: installed package size
Result: NOTE
installed size is 5.0Mb
sub-directories of 1Mb or more:
extdata 4.2Mb
Flavor: r-devel-linux-x86_64-fedora-clang