Last updated on 2024-07-01 03:49:19 CEST.
Flavor | Version | Tinstall | Tcheck | Ttotal | Status | Flags |
---|---|---|---|---|---|---|
r-devel-linux-x86_64-debian-clang | 0.99.6 | 26.27 | 306.47 | 332.74 | OK | |
r-devel-linux-x86_64-debian-gcc | 0.99.6 | 22.00 | 224.20 | 246.20 | OK | |
r-devel-linux-x86_64-fedora-clang | 0.99.6 | 415.57 | NOTE | |||
r-devel-linux-x86_64-fedora-gcc | 0.99.6 | 400.21 | OK | |||
r-devel-windows-x86_64 | 0.99.6 | 23.00 | 213.00 | 236.00 | OK | |
r-patched-linux-x86_64 | 0.99.6 | 21.13 | 295.95 | 317.08 | OK | |
r-release-linux-x86_64 | 0.99.6 | 24.18 | 285.82 | 310.00 | OK | |
r-release-macos-arm64 | 0.99.6 | 113.00 | OK | |||
r-release-macos-x86_64 | 0.99.6 | 159.00 | OK | |||
r-release-windows-x86_64 | 0.99.6 | 25.00 | 218.00 | 243.00 | OK | |
r-oldrel-macos-arm64 | 0.99.6 | 120.00 | OK | |||
r-oldrel-macos-x86_64 | 0.99.6 | 212.00 | OK | |||
r-oldrel-windows-x86_64 | 0.99.6 | 31.00 | 272.00 | 303.00 | OK |
Version: 0.99.6
Check: package dependencies
Result: NOTE
Imports includes 22 non-default packages.
Importing from so many packages makes the package vulnerable to any of
them becoming unavailable. Move as many as possible to Suggests and
use conditionally.
Flavor: r-devel-linux-x86_64-fedora-clang