Last updated on 2024-07-01 03:49:17 CEST.
Flavor | Version | Tinstall | Tcheck | Ttotal | Status | Flags |
---|---|---|---|---|---|---|
r-devel-linux-x86_64-debian-clang | 0.2.0 | 7.92 | 68.37 | 76.29 | NOTE | |
r-devel-linux-x86_64-debian-gcc | 0.2.0 | 5.65 | 50.49 | 56.14 | NOTE | |
r-devel-linux-x86_64-fedora-clang | 0.2.0 | 96.85 | NOTE | |||
r-devel-linux-x86_64-fedora-gcc | 0.2.0 | 90.76 | NOTE | |||
r-devel-windows-x86_64 | 0.2.0 | 8.00 | 70.00 | 78.00 | NOTE | |
r-patched-linux-x86_64 | 0.2.0 | 7.06 | 64.60 | 71.66 | NOTE | |
r-release-linux-x86_64 | 0.2.0 | 6.28 | 65.27 | 71.55 | NOTE | |
r-release-macos-arm64 | 0.2.0 | 29.00 | NOTE | |||
r-release-macos-x86_64 | 0.2.0 | 45.00 | NOTE | |||
r-release-windows-x86_64 | 0.2.0 | 8.00 | 68.00 | 76.00 | NOTE | |
r-oldrel-macos-arm64 | 0.2.0 | 29.00 | NOTE | |||
r-oldrel-macos-x86_64 | 0.2.0 | 47.00 | NOTE | |||
r-oldrel-windows-x86_64 | 0.2.0 | 10.00 | 84.00 | 94.00 | NOTE |
Version: 0.2.0
Check: LazyData
Result: NOTE
'LazyData' is specified without a 'data' directory
Flavors: r-devel-linux-x86_64-debian-clang, r-devel-linux-x86_64-debian-gcc, r-devel-linux-x86_64-fedora-clang, r-devel-linux-x86_64-fedora-gcc, r-devel-windows-x86_64, r-patched-linux-x86_64, r-release-linux-x86_64, r-release-macos-arm64, r-release-macos-x86_64, r-release-windows-x86_64, r-oldrel-macos-arm64, r-oldrel-macos-x86_64, r-oldrel-windows-x86_64