Last updated on 2024-07-01 03:49:17 CEST.
Flavor | Version | Tinstall | Tcheck | Ttotal | Status | Flags |
---|---|---|---|---|---|---|
r-devel-linux-x86_64-debian-clang | 0.1.5 | 50.92 | 550.21 | 601.13 | OK | |
r-devel-linux-x86_64-debian-gcc | 0.1.5 | 47.46 | 412.74 | 460.20 | OK | |
r-devel-linux-x86_64-fedora-clang | 0.1.5 | 777.27 | OK | |||
r-devel-linux-x86_64-fedora-gcc | 0.1.5 | 788.46 | OK | |||
r-devel-windows-x86_64 | 0.1.5 | 51.00 | 522.00 | 573.00 | OK | |
r-patched-linux-x86_64 | 0.1.5 | 52.26 | 532.26 | 584.52 | OK | |
r-release-linux-x86_64 | 0.1.5 | 47.89 | 530.12 | 578.01 | OK | |
r-release-macos-arm64 | 0.1.5 | 214.00 | OK | |||
r-release-macos-x86_64 | 0.1.5 | 311.00 | OK | |||
r-release-windows-x86_64 | 0.1.5 | 50.00 | 367.00 | 417.00 | OK | |
r-oldrel-macos-arm64 | 9.00 | ERROR | ||||
r-oldrel-macos-x86_64 | 0.1.5 | 10.00 | ERROR | |||
r-oldrel-windows-x86_64 | 0.1.5 | 61.00 | 517.00 | 578.00 | OK |
Version: 0.1.5
Check: package dependencies
Result: ERROR
Package required but not available: ‘GSVA’
See section ‘The DESCRIPTION file’ in the ‘Writing R Extensions’
manual.
Flavors: r-oldrel-macos-arm64, r-oldrel-macos-x86_64